*l**2 + 3*l + 12. What is the tens digit of f(p)?
4
Suppose -6*o + 20 + 94 = 0. Let s = o - 6. What is the units digit of s?
3
Let m(n) be the first derivative of n**4 - n**3/3 + n - 7. Let c be m(1). Suppose 5*d - c*p - 171 = 0, -76 = -3*d + 2*p + 27. What is the units digit of d?
5
Let n = -1123 + 2585. What is the hundreds digit of n?
4
Let l(v) = v**3 - 11*v**2 + 15*v - 18. Let d be l(10). Let z = 23 + d. What is the tens digit of z?
5
Let c(r) be the first derivative of r**4/4 - 4*r**3/3 - 3*r**2/2 + 12*r + 5. What is the tens digit of c(5)?
2
What is the units digit of (-2864)/(-1 + 0) + -4 + 2?
2
Let f = 9 + -19. Let q(s) = -3*s - 1. What is the units digit of q(f)?
9
Suppose 152 + 963 = 5*z. What is the tens digit of z?
2
Let m(y) = 48*y + 8. Let z be m(4). Suppose 4*l = -2*x + 224, z = 4*x - 2*x - 4*l. What is the hundreds digit of x?
1
Suppose 0*u - 39 = -3*u. Suppose -u*v + 15*v = 0. Suppose 2*g - 107 = -5*d, -4*g + v*g + 53 = 3*d. What is the units digit of d?
3
Let u = -80 + 83. Suppose 5*s - 165 = -3*q, -s = -7*q + u*q + 220. What is the units digit of q?
5
Suppose -12*v + 3*k - 5110 = -16*v, 3*v + k - 3830 = 0. What is the units digit of v?
6
Suppose -n - 250 = -3*l, -3*n + 8 = -5*n. Let k = l - 14. What is the units digit of k?
8
Suppose 0*z + 4*z - 7112 = 2*w, -2*w - 8890 = -5*z. What is the thousands digit of z?
1
Suppose v + 20 = 3*z, 3*z + 54 + 10 = -5*v. Let o = 34 + v. What is the units digit of o?
0
Let w(d) = -d**3 - 2*d**2 - 6*d - 11. Suppose 0 = -3*m + 3*x - 6, 0 = m - 8*x + 9*x + 8. What is the tens digit of w(m)?
9
Let t be 4 + (0 - 3) + 0 + -31. Let m = t - -87. What is the tens digit of m?
5
Let f = 252 + 200. What is the tens digit of f?
5
Let p be (-15)/35 + 78/(-14). Let u be (-1)/p + (-138)/(-36). Let o(f) = f**3 - f**2 - 4*f. What is the units digit of o(u)?
2
Suppose 3*k - 6 = -9. Let q be k/3 + (-172)/(-12). What is the units digit of q/3 + 3/9?
5
Suppose -227 = -3*o + 3421. What is the thousands digit of o?
1
Let w = -1676 - -4260. What is the units digit of w?
4
Let x(g) = g - 1. Let k(f) = -26*f - 11. Let n(t) = k(t) - 3*x(t). What is the tens digit of n(-1)?
2
Let f(r) = r**3 - 6*r**2 + 4*r - 2. Let w be f(2). Let n be 7340/(-12) + ((-2)/(-6))/(-1). What is the units digit of (-1)/5 + n/w?
1
Let v = 8 + -5. Suppose -2*w + 19 = v*l, -2*l + 5*w - 31 = -4*l. Suppose a - l = 1. What is the units digit of a?
4
What is the hundreds digit of ((-1250)/1)/(6 - 175/28)?
0
Let h(u) = u**3 - 14*u**2 - 15*u - 3. Let i be h(15). What is the hundreds digit of (-2 - -2) + (-118)/i*6?
2
Let l(q) = q**3 - 3*q**2 + 3*q - 3. Suppose -13*g = -16*g + 12. Suppose 0 = g*d - 1 - 11. What is the units digit of l(d)?
6
Let b(z) = 30*z**3 - 2*z**2 + 6*z + 1. Let x = 66 + -64. What is the units digit of b(x)?
5
Let u(q) = -q**2 - 13*q - 15. Let x be u(-11). Suppose -2*l - 45 = -x*l. What is the units digit of l?
9
Suppose 2*l - 14 = -6. Suppose 5*g + 3*y - 323 = -0*y, -g = l*y - 51. What is the tens digit of g?
6
Suppose 3*v + 36 = -l - 2*l, -2*l = 3*v + 26. Let h = 69 - l. What is the tens digit of h?
7
Suppose 2*y - 10 + 4 = 0. Suppose 0 = -5*v - 3*q - 27, 0 = -2*v + y*v - 3*q - 9. What is the units digit of ((-66)/v)/(5 - 3)?
1
Suppose 0 = -2*p + 3*n + 17, p + 4*n + 5 = 8. What is the units digit of p?
7
Let k(z) = -z + 9. Let d be k(13). Let u = 0 - d. Suppose -u*t + 3*f = -126, -2*t + f + 76 = 6*f. What is the tens digit of t?
3
Let a = -11 + 16. Suppose -5*f = 4*t + 2 - 1, 2*t - a*f = 7. What is the units digit of 4 - ((-2)/t + -1)?
7
Let v(i) be the second derivative of i**4/6 - 7*i**3/6 - 15*i**2/2 - 8*i. What is the hundreds digit of v(-7)?
1
Let a(u) = u**3 + 31*u**2 - 44*u - 9. What is the hundreds digit of a(-32)?
3
Suppose 0 = 4*u + 7*h - 4*h - 2994, -3*u = h - 2243. What is the tens digit of u?
4
Let g = -1206 + 2699. What is the units digit of g?
3
Let z = -8 - -19. Let j(k) = 3*k**2 - 5*k + 2. Let o be j(z). Suppose 0 = g + 4*g - o. What is the tens digit of g?
6
Suppose -4*x - 5*q + 243 = 0, 2*x - q - 3*q - 128 = 0. Suppose -j + 5*j = 2*m + 84, 0 = -3*j + m + x. What is the tens digit of j?
2
Let s = -16 - -4. What is the units digit of (s/(-10))/3 + 1636/10?
4
Let r(a) be the second derivative of -a**4/12 - 11*a**3/6 - 13*a**2/2 - a. Let m be r(-10). What is the units digit of 2/3*m/(-2)?
1
Let m = 655 + -340. What is the units digit of m?
5
Let o be (-21)/((6/(-64))/(-1)). Let p = o + 314. What is the tens digit of p?
9
Suppose 5*l + 12 = 3*l. Let i = l + 10. Suppose 0*f - 4*f = -i. What is the units digit of f?
1
Let r = -478 + 625. What is the tens digit of r?
4
Suppose 15*c - 15656 = -4*c. What is the tens digit of c?
2
What is the hundreds digit of 5/2 - 11891/(-22)?
5
Suppose -u - 6 = -4*u - 5*g, 0 = u + 5*g + 8. Suppose 2*x - u*x + 270 = 0. What is the units digit of x?
4
Let a be (4/(-7))/(26/7 + -4). Suppose -102 = -a*c - c. What is the units digit of c?
4
Let v(w) = -8*w + 9. Let a be v(10). Let m = a + 173. What is the units digit of m?
2
Let r = 589 - 312. Let a = r + -146. What is the tens digit of a?
3
Let y(n) = 6*n + 38. Let v be y(-6). Suppose -v*t + 188 = -b, 0*b + 4*b - 444 = -5*t. What is the tens digit of t?
9
Let p(k) be the third derivative of 3*k**5/20 - k**4/24 - k**3/3 + 11*k**2. Let j be p(-1). What is the units digit of (-5)/40 - (-281)/j?
5
Let z = 14 + -19. Let u(i) = -i + 6. Let k be u(z). Let p(o) = o**2 - 8*o - 14. What is the tens digit of p(k)?
1
Let a(o) = -8*o**3 - 7*o**2 - 29*o - 15. What is the tens digit of a(-7)?
8
Suppose 2*a + 22 = 3*k, -2*a = -6*a - 20. Suppose x + 3*u - 260 = -4*x, -k*x + 208 = -2*u. What is the units digit of x?
2
Let d(n) = -n**2 + 8*n + 2. Let g be d(8). Suppose p + k + 2 = 0, 6*p + g*k = 2*p - 14. Let b(h) = h**2 + h - 8. What is the units digit of b(p)?
2
Let f = 18 - 14. What is the units digit of 84/f*18/7?
4
Suppose -n = -2*j - 627, 27*n - 26*n + 5*j - 662 = 0. What is the units digit of n?
7
Let g(m) = m**3 + m**2 - 2*m - 3. Let i = 0 + 3. What is the units digit of g(i)?
7
Suppose -5*t = 2*v + 31, -2*v + 0*v - 3*t - 29 = 0. Let c be ((-1)/1)/(14 + v). What is the tens digit of c/2 - (-123)/6?
2
Let g(p) be the third derivative of p**5/15 - p**3/6 - 2*p**2. Let a be g(-1). Suppose 0 = a*v - 0*v - 84. What is the units digit of v?
8
Suppose -146 = -6*s - 2. What is the hundreds digit of -30*28/s*3*-1?
1
Let d be ((-2)/(-6))/((-3)/(-54)). Suppose z + 2 = d. Suppose -4 - 3 = -n - 5*p, -4*n + 12 = z*p. What is the units digit of n?
2
Suppose 2*v + 2 = 10. Suppose 20 = 4*g + v. Let q(h) = 4*h + 7. What is the units digit of q(g)?
3
What is the units digit of (14/(308/(-1199)))/(2/(-72))?
2
Suppose p - 4*p = t - 12, -p + 3 = 0. Let g = t - 9. What is the units digit of 12 + g + -3*1?
3
Let j = 3 + -5. Let u be 3 + (0 - (-1 - j)). Suppose m = 5*r - 28, -3*r + 24 = -m - u*m. What is the units digit of r?
5
Suppose 0 = -12*i + 16*i - 1536. What is the hundreds digit of i?
3
Suppose 4*y - 5 - 23 = 0. Suppose 3*c - z + y = 0, 5 = 4*c + 3*z - 3. What is the units digit of c + 12*32/12?
1
Let h(t) = 2*t**3 - 3*t**2 - 3*t - 1. Let g(f) = f + 5. Let z be g(0). What is the tens digit of h(z)?
5
Let w(g) = 2*g**2 - 4*g + 2. Let i be w(2). Let l(p) = -4*p - 8. Let u be l(2). What is the units digit of u*((-15)/6 + i)?
8
Suppose -3*m - 5*n + 7225 = 0, -9*n - 4814 = -2*m - 13*n. What is the thousands digit of m?
2
Suppose -5*q + 2*q + 1218 = -4*d, 0 = -q + 4*d + 406. What is the hundreds digit of q?
4
Suppose -10*s = -2*s - 8. What is the units digit of ((-250)/40)/(s/(-12))?
5
Suppose 0*t = 5*n - t - 439, -2*n = -3*t - 173. What is the units digit of n?
8
Let a be 1 - (-7 + 1 + 0). Let y = -7 + a. Suppose 3*t + 3*f = -2*t + 51, y = -4*t - 3*f + 42. What is the units digit of t?
9
Let v(q) = -6*q + 3. Let d(j) = -9*j + 4. Let h = -37 + 32. Let w(m) = h*d(m) + 7*v(m). What is the units digit of w(6)?
9
Let u(a) = 200*a - 210. What is the hundreds digit of u(17)?
1
Let l(o) = 930*o - 156. What is the hundreds digit of l(3)?
6
Let h be (-8 - -1)*(-10)/35. What is the tens digit of ((-1)/h)/(-1 + (-69)/(-72))?
1
Let w = 32 + -6. Suppose -5*d + 7 = 3*m + w, -2*m + 3*d - 19 = 0. What is the units digit of (-35 - 1)*4/m?
8
Let w = -11 + 19. Let g(k) = -14*k + 7. Let